factors of (0 - -3) + -3 - g.
23
Let c = 2 + 0. Let w(q) = -3*q - 9*q - c*q + 4. List the prime factors of w(-2).
2
Let w be 2*(4/8 - -1). Suppose -5*z = -w*z + 16. List the prime factors of 0 + 50*(-4)/z.
5
Let x(g) = 10*g + 1. Let l be x(-1). Let w be (l/4)/((-39)/52). List the prime factors of 4 + w/(-1) + 49.
2, 5
What are the prime factors of (2 - 3 - -1395)/(5 + -3)?
17, 41
Let q = 493 - -580. List the prime factors of q.
29, 37
What are the prime factors of -1*(-37935)/9 - 6?
3, 23, 61
Let j = 20 + -20. Suppose 4*b - 30 = -5*h + 6*b, j = b. Suppose 124 = h*i - 2*i. What are the prime factors of i?
31
Let o(t) = 2*t**2 - 2*t - 100. What are the prime factors of o(23)?
2, 3, 19
Let z(r) = r**2 - 25*r - 27. Let b be z(12). What are the prime factors of 4/8*(1 - b)?
2, 23
Let t = 1 - 0. Suppose -o + t = -3. Suppose 4*d - o*z + 4 = d, -2*d - z = -12. List the prime factors of d.
2
Let r(u) = -13*u**3 + u**2 + 2. Let q be r(-2). Let o = 193 - q. What are the prime factors of o?
83
Suppose -v = 0, 0 = -0*l + 3*l - 4*v - 30. Let f be ((-22)/l - -3)*145. Let r = f - 71. What are the prime factors of r?
3, 5
Let u(k) = k**3 - 7*k**2 - 3*k + 13. Let t be u(7). Let w(g) = g**2 - g + 8. List the prime factors of w(t).
2, 5
Suppose -i - 5*t = -17, -2 = 4*i + 5*t + 5. Let p be i - -11 - 7*3. Let r = p + 43. List the prime factors of r.
5
Let a(b) = 160*b - 3. List the prime factors of a(4).
7, 13
Let u(f) = -f**2 + 1 + f**3 - 2*f**2 - f + 0. Let j be u(2). List the prime factors of 12 - (j + (2 - 0)).
3, 5
What are the prime factors of (-353)/(-1) - (-9 + 5)?
3, 7, 17
Suppose -r + 292 = 4*p - 779, -4*r = -12. What are the prime factors of p?
3, 89
Suppose -2*q - 3*x = -169, -4*q + 313 = x - 0*x. What are the prime factors of q?
7, 11
Let l(r) be the third derivative of r**4/24 + 5*r**3/3 + 6*r**2. Let d be l(-10). Suppose 4*z - 26 - 42 = d. What are the prime factors of z?
17
Let k = -427 - -1150. What are the prime factors of k?
3, 241
What are the prime factors of (1 + -422 - 7)*4/(-16)?
107
Let c(w) = -2*w**3 - 10*w**2 - w - 16. Let m be c(-7). Let d = m + -56. What are the prime factors of d?
131
Suppose -29*z = -22*z - 4095. What are the prime factors of z?
3, 5, 13
Let i = -22 + -3. Let v be (-2)/10 + (-80)/i. Suppose -2*b - 31 = -q - 13, 0 = q - v*b - 13. List the prime factors of q.
2, 7
Suppose 0*f - 3*f = -129. Suppose u + 0*u - f = 0. Suppose 5*g + u = 3*a, g - 23 = 4*a - 86. What are the prime factors of a?
2
Suppose -m + 2*t + 3443 = -21, 0 = m + 5*t - 3471. What are the prime factors of m?
2, 1733
Let v(w) = -31*w - 98. What are the prime factors of v(-25)?
677
Let k(n) = -n**2 - 30*n + 67. Let j = 35 + -64. What are the prime factors of k(j)?
2, 3
Let x be 2*(-2)/4 - 928/8. Let j = x - -430. What are the prime factors of j?
313
Let v = 32 - 30. Let h be -20 - -16 - v*-2. List the prime factors of 9 - (-4 - h/(-3)).
13
Let w = -317 - -849. What are the prime factors of w?
2, 7, 19
Let w = 10 + 2. Let x = 91 - w. List the prime factors of x.
79
Let k(v) = 10*v + 13 - v**2 - 17 - 2*v. List the prime factors of k(6).
2
Suppose 4*x + 5*k = 197, -95 = -4*x + 2*k + 95. What are the prime factors of x?
2, 3
Suppose -4*u = -3*r + 5, -3*u = -9*r + 13*r + 35. What are the prime factors of u*(-4 - (-120)/(-4))?
2, 5, 17
Let p = -15 + 18. Suppose p*l - r = -l + 32, 5*r + 16 = 2*l. Suppose l*b - 3*b - 27 = -4*z, -2*z - 2*b + 16 = 0. List the prime factors of z.
13
Let h be 10/4 - (-7)/(-14). Let r(m) = 8*m**2 + 1. Let w be r(h). Suppose 5*o - s = 3*s + 117, 0 = -2*o - 3*s + w. What are the prime factors of o?
3, 7
Let y = 13555 + -9200. What are the prime factors of y?
5, 13, 67
Let f(g) = -28*g**3 - 9*g**2 - 7*g - 12. What are the prime factors of f(-4)?
2, 13
Let g(l) = 3*l**3 - 4*l + 4. Let c(k) = 2*k**3 - 3*k + 3. Let y(x) = 4*c(x) - 3*g(x). Let o be y(1). What are the prime factors of ((-203)/14)/(o/2)?
29
Let s(c) = c - 20. Let a(p) = -1. Let d(y) = 4*a(y) - s(y). Let h(g) = g**3 - 2*g**2 + 3*g. Let q be h(2). List the prime factors of d(q).
2, 5
Suppose x + 4*x = 0. Suppose x*u - 4*u = -16. List the prime factors of (4 - 1) + 9 + u.
2
Let g be 0 + -10 + (-3)/(2 + 1). What are the prime factors of g/110 + 4083/30?
2, 17
Suppose 6 = 3*g - 2*z, 4*g + z - 4 - 4 = 0. Suppose 4*t + n - 482 = -15, -g*t = 4*n - 244. What are the prime factors of t?
2, 29
Suppose -2*s = -7*s. Let i be -30 + (2 + s)*-1. What are the prime factors of (82/(-3))/(i/48)?
41
Let z = -1 - -1. Suppose -2*x + 3*j = 5*j - 124, 3*x = 5*j + 218. Suppose z = 7*y - 4*y - x. What are the prime factors of y?
2, 11
Suppose -3 = -y + 3*q, 5*q - 10 = -2*y + 7*q. Let s = 19 + -9. Suppose -s*b = -13*b + y. List the prime factors of b.
2
Suppose 0 = -2*z + 3*a + 950 + 1347, -6 = -2*a. List the prime factors of z.
1153
Suppose 0 = 10*o - 7417 - 5913. What are the prime factors of o?
31, 43
Let n(u) be the third derivative of u**5/60 - 5*u**4/8 + 6*u**2. List the prime factors of n(17).
2, 17
Let k(m) = m + 11. Let i = 12 - 19. Let h be k(i). Suppose 2*n - 32 = -3*o, -5*n + h*o + 38 = o. What are the prime factors of n?
2, 5
Let j(r) = 31*r + 1. Let m be j(3). Let t = 137 - m. What are the prime factors of t?
43
Let u(n) = n**2 - 5*n - 10. Let z be u(7). Let m = 7 + z. Suppose m = -v + 4*v + 5*l, 3*l = 3. What are the prime factors of v?
2
Suppose -2*j + 7*j = 775. Let u = -254 + j. Let c = u + 171. List the prime factors of c.
2, 3
Let p(c) = 2189*c**2 - c. What are the prime factors of p(-1)?
2, 3, 5, 73
Let d(t) = -t**3 - 12*t**2 + 73*t + 45. List the prime factors of d(-25).
3, 5, 47
Suppose d - 5400 = -4*c, 0 = 2*c - 5*d - 1392 - 1286. What are the prime factors of c?
19, 71
Let r(i) = i**3 + 9*i**2 + 12*i + 69. What are the prime factors of r(-8)?
37
Let p = 6978 - 3365. List the prime factors of p.
3613
Let x(y) = 81*y**2 - y + 60. What are the prime factors of x(-7)?
2, 1009
Let w(c) be the third derivative of 1/2*c**3 - 11/60*c**5 + 0 + 0*c + 1/120*c**6 - 2*c**2 + 13/24*c**4. List the prime factors of w(10).
3, 11
Let a be (2 - 15) + -5 + -3. Let g = a + 48. What are the prime factors of g?
3
Suppose -4*i = 129 + 199. Let n = -12 - i. What are the prime factors of n?
2, 5, 7
Suppose 0 = -5*i - m + 27, 4*i - 11 - 19 = -5*m. Suppose -i*p + 3*p + 422 = 0. What are the prime factors of p?
211
Let r(q) be the first derivative of 9*q**2/2 - 5*q - 11. What are the prime factors of r(12)?
103
Let z(i) be the third derivative of -i**6/120 - i**5/60 + i**4/3 + 7*i**3/6 + i**2. What are the prime factors of z(-5)?
67
Let w(b) = 4*b - 34. Let t be w(14). Let q = t + 41. List the prime factors of q.
3, 7
Let z(x) = x**2 - 14*x - 6. Let b(p) = p - 1. Let k(q) = -4*b(q) - z(q). Suppose 8 = -2*y + 26. List the prime factors of k(y).
19
Suppose -i + 803 = 3*r - 78, 4*r - 3*i = 1179. Let f = r + -136. What are the prime factors of f?
2, 79
Suppose -5*x - 130 + 2046 = -3*b, -x + 391 = 2*b. List the prime factors of x.
5, 7, 11
Suppose -3 = 3*v, i + 54 = 3*i - 2*v. Suppose 9*p - p = 288. Let q = p - i. List the prime factors of q.
2, 5
Let i(f) = -f**3 + 7*f**2 - 7*f - 2. Let j be i(5). Suppose -j = 5*y - 118. List the prime factors of y.
3, 7
Let p = 10 - 25. Let g be 4/(-6) - 155/15. Let o = g - p. What are the prime factors of o?
2
Suppose -5*r - 2 = -42. Suppose 4*k + 348 = r*k. What are the prime factors of k?
3, 29
Suppose -u = 3*u + 40. Let t = 13 + u. List the prime factors of 32/(-6)*t/(-2).
2
Suppose -1556 = -4*x + 19*r - 23*r, 1166 = 3*x + 2*r. What are the prime factors of x?
2, 97
Let d = -2198 + 3237. What are the prime factors of d?
1039
Let j(k) = k**2 + 12*k - 7. Let a be j(13). Let q = a - 80. What are the prime factors of 6/24 + q/8?
2, 3, 5
Let j = -21 - -26. Suppose 16 = -t + j*t. Suppose t*a - 51 = a. What are the prime factors of a?
17
Let k(y) = -y + 26. Suppose -5*x + 20 = -x. What are the prime factors of k(x)?
3, 7
Suppose -5*g + 5*k + 0*k = 0, -5*k - 27 = 4*g. What are the prime factors of (4/(-8) - g)*2?
5
Let c(r) = 37*r**2 - 2*r - 7. What are the prime factors of c(-4)?
593
Let k(p) be the second derivative of -1/12*p**4 + 2*p**2 + 0 - 4*p + 2/3*p**3. What are the prime factors of k(3)?
7
Suppose -3*z + 38 = -67. Suppose -z - 11 = -t. List the prime factors of t.
2, 2